s of l(14).
577
Suppose -20*l + 8 = -28*l. What are the prime factors of 0 - 1 - l/((-7)/(-3514))?
3, 167
Let s(o) = 1476*o - 10836. What are the prime factors of s(48)?
2, 3, 1667
Suppose -2*o = -3*b - o - 39, 4*b + 54 = 2*o. Let q be -6*(b/8)/((-3)/(-1)). Suppose -2*h - 8 = -c - 0*h, -q*c = -3*h - 33. What are the prime factors of c?
2, 7
Suppose 382*o = 441*o - 1191387. What are the prime factors of o?
3, 53, 127
Suppose c = -4*z + 1, 32*z - 31*z - 24 = c. Let d(x) = -x**3 - 19*x**2 - 48*x + 3. List the prime factors of d(c).
3, 5, 61
Let i = -3624 - -4590. List the prime factors of i.
2, 3, 7, 23
Let w(j) = -3 + 5 + 25*j + 0 - 28*j. Let h be w(0). Suppose 4*n = g + 46 + 229, -4*g + 124 = h*n. What are the prime factors of n?
2, 17
Let x be ((-6990)/(-9) - -2) + (-2)/3. Let g = x + -343. What are the prime factors of g?
3, 5, 29
Suppose 0 = -6*b - 6*b + 36. Suppose -m + u = -360, -u - 1464 = -4*m - b*u. Suppose 2*y = 16*y - m. What are the prime factors of y?
2, 13
Let f(c) = -137*c**3 - 6*c**2 - 4. Let s be f(-2). Suppose 364*b = 361*b + s. What are the prime factors of b?
2, 89
Let j be (-132)/(-20) + 4/10. Let w(h) = 3*h**2 + 3*h - 92. Let d be w(-10). Suppose 5*k = j*k - d. What are the prime factors of k?
89
Let l(k) = -k**2 - 23*k + 33. Let i(f) = f**2 + 12*f + 2. Let s be i(-9). Let d be l(s). Let z(g) = -g**3 - 17*g**2 - 2*g + 37. List the prime factors of z(d).
71
Let w = 24613 + -7425. List the prime factors of w.
2, 4297
Let u be ((-11312)/(-5))/((-16)/(-520)). Let c be (-2)/18*2 + u/72. Suppose -a - k + c = 3*a, 0 = 4*a - k - 1011. What are the prime factors of a?
2, 127
Suppose -2*m - 1 = 5, -s + 5*m + 162 = 0. Suppose 7*r = s + 98. Let k = -25 + r. List the prime factors of k.
2, 5
List the prime factors of (-777 + 1)*2385/(-318).
2, 3, 5, 97
What are the prime factors of -7 - (-13 - -18 - 3512)?
2, 5, 7
Let x(k) = 597*k + 59. What are the prime factors of x(4)?
2447
List the prime factors of -36*(1 + 1)*((-1662)/8 - -5).
2, 3, 811
Suppose 2*i - 31 = -i + 5*v, 2*v = 2. Suppose 2*a - 17 = 13. Suppose -a = -13*l + i*l. What are the prime factors of l?
3, 5
Let l(p) = -127*p + 432. What are the prime factors of l(0)?
2, 3
What are the prime factors of (-21)/2*(-874224)/351?
2, 7, 467
Let n(j) = j**2 + 16*j + 34. Let r be n(-14). Suppose -w - r = -5*z, z + 18 = 3*w - 6. What are the prime factors of (1*w)/((-12)/(-120))?
2, 3, 5
Let r = -15679 + 26183. What are the prime factors of r?
2, 13, 101
Suppose 12*n + i + 88 = 17*n, -4*n + 68 = -2*i. Suppose -n*m - 201 = -2883. List the prime factors of m.
149
Suppose 0 = 3*y + 4003 - 24106. List the prime factors of y.
6701
List the prime factors of -15 + 7 - -11490 - 9.
7, 11, 149
Suppose 0 = -q + 1, 5*q = -d + 8829 + 1535. List the prime factors of d.
3, 1151
Let x = 563 - -15678. What are the prime factors of x?
109, 149
List the prime factors of ((-4)/(-5))/(1104/120) - (-52482)/46.
7, 163
Let v(j) = -j**3 - 49*j**2 + 251*j + 129. List the prime factors of v(-62).
3, 29, 397
Let r(k) = -3*k**2 + 9*k**3 + 0*k + 1 - 4*k + 9 - 4. What are the prime factors of r(3)?
2, 3, 5, 7
Let g be 3 - 1/((-5)/265). Let m = g - 56. Suppose -3*v + 384 = -m*v. List the prime factors of v.
2
Suppose 180*h - 181*h + 414 = 0. Suppose 57 = -3*t + h. What are the prime factors of t?
7, 17
Let b = -57 + 63. List the prime factors of b - (-3 - -7) - -234.
2, 59
Suppose -4*u = -4, 2*j + u - 32534 - 45209 = 0. What are the prime factors of j?
3, 7, 617
Let z(r) = -199*r - 1504. What are the prime factors of z(-29)?
17, 251
Let o(c) be the third derivative of -c**5/20 - 23*c**4/24 - 10*c**3/3 - 21*c**2. Let q(z) be the first derivative of o(z). List the prime factors of q(-11).
43
Suppose 3*w = 5*u + 61 + 212, 5*w + 265 = -5*u. List the prime factors of u/(-18) + (708 - 3).
2, 3, 59
Suppose 3*n - 169 = 4*b, -b = 2*n - 4*b - 113. Suppose 57*c = n*c + 796. What are the prime factors of c?
2, 199
Let p(w) = -9*w - 19. Let y(k) = 4*k + 9. Let m(t) = -3*p(t) - 7*y(t). Let q be m(-4). List the prime factors of 196*((-3)/q)/3.
2, 7
Suppose 3*b - 5*h - 143764 = 0, -4*h + 331 = 327. List the prime factors of b.
17, 2819
Let c be 45/60 + 7593/4. Suppose -6*u = -5451 - c. List the prime factors of u.
5, 7
Let j = 29 - -149. Let v = j - -98. What are the prime factors of v?
2, 3, 23
Suppose -5 = -5*p - 5*q, -q + 2*q + 2 = 0. Suppose w - 144 = -p*v + 47, 10 = 2*v. List the prime factors of w.
2, 11
Let z = -125 - -60. Let t = 129 + z. Let o = t + -11. What are the prime factors of o?
53
Suppose -7*a + 176 - 29 = 0. Suppose -6*i + 9*i + a = 0. What are the prime factors of (-280)/i - 3*-1?
43
Let c(y) = -1862*y - 138. List the prime factors of c(-3).
2, 3, 227
Let b be 0 - ((-4 - -8) + -54). Let a = b + -87. Let n = a - -121. What are the prime factors of n?
2, 3, 7
Let w(g) be the second derivative of 13*g**5/20 - g**4/24 + g**3/3 - g**2 - 9*g. Let z(r) be the first derivative of w(r). List the prime factors of z(1).
2, 5
Let l(y) = 31*y**2 - y + 12. Let f be l(-4). Suppose d = -2*d + 5*t + 518, -3*d - t + f = 0. Suppose 0 = 6*p - d - 15. What are the prime factors of p?
31
Suppose -33*z + 36*z = 3*a - 462, -4*z - 300 = -2*a. List the prime factors of (a/2 - 1)/((-36)/(-90)).
3, 5, 13
Let i(m) = 6*m**2 - 17*m - 78. Let k be i(-8). Let b = k + -159. List the prime factors of b.
283
Let c be 132 - (8/(-5) - 6/15). Let u = c - -97. List the prime factors of u.
3, 7, 11
List the prime factors of 476444/17 + (-188)/1598.
2, 3, 173
Let v(u) = -u**2 + 30*u - 28. Let j be v(27). Let l = -50 + j. Suppose -5*x = -4*y + 88, l*y = -x + 27 + 58. What are the prime factors of y?
3
Let p = -334 - -1167. Suppose -2*o + a = -p + 271, -a = -3*o + 842. What are the prime factors of o?
2, 5, 7
Let y = -2474 - -9389. What are the prime factors of y?
3, 5, 461
Let o(r) = 113*r - 561. List the prime factors of o(76).
23, 349
Let u(x) = -146*x + 58. Let w be u(6). Let y = w - -1219. List the prime factors of y.
401
Let x = 193 + -192. Let n(y) = 289*y**3 - 2*y + 1. What are the prime factors of n(x)?
2, 3
Suppose -5*q + 140 = -5. Suppose -99 = -r + q. Suppose 10*x - r = 8*x. List the prime factors of x.
2
Let i(r) = -r**3 - 43*r**2 + 225*r + 134. List the prime factors of i(-50).
2, 3, 7, 19
Let k(w) = 7*w**2 - 20*w + 5. Let b(v) = v**2 - v. Let o(n) = -6*b(n) + k(n). Let j be o(-17). List the prime factors of (2/(4 - 8))/((-2)/j).
7, 19
Let o = -174 - -172. What are the prime factors of (61 + o)*3*12/18?
2, 59
Let m = 28872 + -16195. What are the prime factors of m?
7, 1811
Let l(g) = 272*g**2 + 2*g - 3. Let n be l(-3). Suppose 6*h - n = -3*h. List the prime factors of h.
271
Let n(z) = 5*z**2 - 19*z + 33. Let c be n(16). Suppose 3*m + 5*i = -c, -5*m - 7*i - 1645 = -6*i. Let a = -233 - m. What are the prime factors of a?
5, 19
Let f(m) = -m**3 - 8*m**2 + 9*m + 3. Let c be f(-9). Suppose y = c*y + j + 262, -3*y + 2*j - 400 = 0. What are the prime factors of (-14)/(-7) - (y - 1 - -1)?
2, 67
Let t be -1 - (-20 + (-12)/(-3)). Let d be 2/(-2)*(t/(-3))/(-5). List the prime factors of d*(-45)/(-25)*-65.
3, 13
Suppose 0 = -3*o + 5523 + 5469. Suppose 3*j - o + 1008 = -5*p, -5*j - 1081 = -2*p. What are the prime factors of p?
13, 41
Let h(t) = 5*t**2 - 8*t + 2. Let x be h(3). Suppose 8*a - 57 = x. Suppose 15*c = a*c + 310. What are the prime factors of c?
2, 31
Suppose 8 = k + 3*k. Suppose j - 4*i = -18, 13 = -j + k*i + i. What are the prime factors of j/4*(4 + 210)?
107
Suppose -29168 = -4*b - 2*a, 13*a - 12*a - 29170 = -4*b. Suppose 3*t + 4*s = b - 2456, 5*t + s = 8090. What are the prime factors of t?
1619
Let u be (((-6)/4)/1)/((-6)/(-8)). Let m(k) = -k**3 + 11*k**2 + 18*k + 7. Let x(p) = -p**2 - p. Let c(i) = u*x(i) + m(i). List the prime factors of c(14).
7, 13
What are the prime factors of (2 + (0 - 209))*(-1)/(1/129)?
3, 23, 43
Let s(j) = -2*j**2 + 10*j + 5. Let o(i) = 4*i**2 - 19*i - 11. Let m(n) = -3*o(n) - 7*s(n). What are the prime factors of m(19)?
11, 43
Let v be (-1 - -2503) + 59 + -50. Let m = v - 993. What are the prime factors of m?
2, 3, 11, 23
What are the prime factors of ((-8)/5)/(560/(-158900))?
2, 227
Suppose -2*q + 2*d = -106, 0*q - 3*d - 101 = -2*q. Suppose 3*k = j + 6, 10*k - 9*k = 5*j + q. What are the prime factors of 18*(-